{"id":597,"date":"2021-12-15T16:58:25","date_gmt":"2021-12-15T19:58:25","guid":{"rendered":"http:\/\/www.desarrollowpeditorial.utalca.cl\/?page_id=597"},"modified":"2022-09-08T09:47:34","modified_gmt":"2022-09-08T12:47:34","slug":"publica-con-nosotros","status":"publish","type":"page","link":"https:\/\/editorial.utalca.cl\/?page_id=597","title":{"rendered":"Publica con Nosotros"},"content":{"rendered":"\t\t<div data-elementor-type=\"wp-page\" data-elementor-id=\"597\" class=\"elementor elementor-597\" data-elementor-settings=\"[]\">\n\t\t\t\t\t\t\t<div class=\"elementor-section-wrap\">\n\t\t\t\t\t\t\t<section class=\"elementor-section elementor-top-section elementor-element elementor-element-a7aeabd elementor-section-boxed elementor-section-height-default elementor-section-height-default\" data-id=\"a7aeabd\" data-element_type=\"section\">\n\t\t\t\t\t\t<div class=\"elementor-container elementor-column-gap-default\">\n\t\t\t\t\t<div class=\"elementor-column elementor-col-100 elementor-top-column elementor-element elementor-element-a190461\" data-id=\"a190461\" data-element_type=\"column\">\n\t\t\t<div class=\"elementor-widget-wrap elementor-element-populated\">\n\t\t\t\t\t\t\t\t<div class=\"elementor-element elementor-element-57a4171 elementor-widget elementor-widget-spacer\" data-id=\"57a4171\" data-element_type=\"widget\" data-widget_type=\"spacer.default\">\n\t\t\t\t<div class=\"elementor-widget-container\">\n\t\t\t\t\t<div class=\"elementor-spacer\">\n\t\t\t<div class=\"elementor-spacer-inner\"><\/div>\n\t\t<\/div>\n\t\t\t\t<\/div>\n\t\t\t\t<\/div>\n\t\t\t\t<div class=\"elementor-element elementor-element-14b5365 elementor-widget elementor-widget-heading\" data-id=\"14b5365\" data-element_type=\"widget\" data-widget_type=\"heading.default\">\n\t\t\t\t<div class=\"elementor-widget-container\">\n\t\t\t<style>\/*! elementor - v3.5.3 - 28-12-2021 *\/\n.elementor-heading-title{padding:0;margin:0;line-height:1}.elementor-widget-heading .elementor-heading-title[class*=elementor-size-]>a{color:inherit;font-size:inherit;line-height:inherit}.elementor-widget-heading .elementor-heading-title.elementor-size-small{font-size:15px}.elementor-widget-heading .elementor-heading-title.elementor-size-medium{font-size:19px}.elementor-widget-heading .elementor-heading-title.elementor-size-large{font-size:29px}.elementor-widget-heading .elementor-heading-title.elementor-size-xl{font-size:39px}.elementor-widget-heading .elementor-heading-title.elementor-size-xxl{font-size:59px}<\/style><h2 class=\"elementor-heading-title elementor-size-default\">Normas para Presentaci\u00f3n<\/h2>\t\t<\/div>\n\t\t\t\t<\/div>\n\t\t\t\t<div class=\"elementor-element elementor-element-0015eca elementor-widget elementor-widget-spacer\" data-id=\"0015eca\" data-element_type=\"widget\" data-widget_type=\"spacer.default\">\n\t\t\t\t<div class=\"elementor-widget-container\">\n\t\t\t\t\t<div class=\"elementor-spacer\">\n\t\t\t<div class=\"elementor-spacer-inner\"><\/div>\n\t\t<\/div>\n\t\t\t\t<\/div>\n\t\t\t\t<\/div>\n\t\t\t\t\t<\/div>\n\t\t<\/div>\n\t\t\t\t\t\t\t<\/div>\n\t\t<\/section>\n\t\t\t\t<section class=\"elementor-section elementor-top-section elementor-element elementor-element-c368850 elementor-section-boxed elementor-section-height-default elementor-section-height-default\" data-id=\"c368850\" data-element_type=\"section\">\n\t\t\t\t\t\t<div class=\"elementor-container elementor-column-gap-default\">\n\t\t\t\t\t<div class=\"elementor-column elementor-col-100 elementor-top-column elementor-element elementor-element-e74684e\" data-id=\"e74684e\" data-element_type=\"column\">\n\t\t\t<div class=\"elementor-widget-wrap elementor-element-populated\">\n\t\t\t\t\t\t\t\t<section class=\"elementor-section elementor-inner-section elementor-element elementor-element-4c7b81c elementor-section-boxed elementor-section-height-default elementor-section-height-default\" data-id=\"4c7b81c\" data-element_type=\"section\">\n\t\t\t\t\t\t<div class=\"elementor-container elementor-column-gap-default\">\n\t\t\t\t\t<div class=\"elementor-column elementor-col-100 elementor-inner-column elementor-element elementor-element-a8d2089\" data-id=\"a8d2089\" data-element_type=\"column\">\n\t\t\t<div class=\"elementor-widget-wrap elementor-element-populated\">\n\t\t\t\t\t\t\t\t<div class=\"elementor-element elementor-element-bdad193 elementor-widget elementor-widget-text-editor\" data-id=\"bdad193\" data-element_type=\"widget\" data-widget_type=\"text-editor.default\">\n\t\t\t\t<div class=\"elementor-widget-container\">\n\t\t\t<style>\/*! elementor - v3.5.3 - 28-12-2021 *\/\n.elementor-widget-text-editor.elementor-drop-cap-view-stacked .elementor-drop-cap{background-color:#818a91;color:#fff}.elementor-widget-text-editor.elementor-drop-cap-view-framed .elementor-drop-cap{color:#818a91;border:3px solid;background-color:transparent}.elementor-widget-text-editor:not(.elementor-drop-cap-view-default) .elementor-drop-cap{margin-top:8px}.elementor-widget-text-editor:not(.elementor-drop-cap-view-default) .elementor-drop-cap-letter{width:1em;height:1em}.elementor-widget-text-editor .elementor-drop-cap{float:left;text-align:center;line-height:1;font-size:50px}.elementor-widget-text-editor .elementor-drop-cap-letter{display:inline-block}<\/style>\t\t\t\t<ul><li><span data-contrast=\"auto\">Los textos se deben entregar <\/span><b><span data-contrast=\"auto\">totalmente terminados<\/span><\/b><span data-contrast=\"auto\"> (sin cap\u00edtulos o partes pendientes) en CD o pendrive, en programa <\/span><b><span data-contrast=\"auto\">WORD,<\/span><\/b><span data-contrast=\"auto\"> adjuntando copia impresa. Si el autor utiliza otro programa, debe indicar el nombre y la versi\u00f3n. En caso de ser necesario, debe proporcionar el programa original para la edici\u00f3n del libro.<\/span><\/li><li><span data-contrast=\"auto\">Si el texto va acompa\u00f1ado de fotos, que \u00e9stas sean digitales, de alta resoluci\u00f3n, en formato JPG o TIFF (300 dpi). Los esquemas, figuras u otros, deber\u00e1n cumplir con los mismos requerimientos de las fotograf\u00edas, y el autor deber\u00e1 se\u00f1alar debidamente su ubicaci\u00f3n en el texto.\u00a0<\/span><span data-ccp-props=\"{&quot;201341983&quot;:0,&quot;335551550&quot;:6,&quot;335551620&quot;:6,&quot;335559739&quot;:200,&quot;335559740&quot;:276}\">\u00a0<\/span><\/li><li><span data-contrast=\"auto\">Los cap\u00edtulos o partes del libro, si son muy extensos (m\u00e1s de 50 p\u00e1ginas), deben separarse en archivos distintos.\u00a0<\/span><\/li><li><span data-contrast=\"auto\">Los textos deben ser escritos en tipo Arial o Times New Roman, cuerpo 12, sin sangr\u00eda, a 1 espacio, separando los p\u00e1rrafos entre s\u00ed.\u00a0<\/span><span data-ccp-props=\"{&quot;201341983&quot;:0,&quot;335551550&quot;:6,&quot;335551620&quot;:6,&quot;335559739&quot;:200,&quot;335559740&quot;:276}\">\u00a0<\/span><\/li><li><span data-contrast=\"auto\">Los t\u00edtulos deben tener coherencia en cuanto a mantener en todo el libro el mismo criterio, es decir, si se enumeran con n\u00fameros romanos, ar\u00e1bigos o se les ponen letras, que no cambie de un cap\u00edtulo a otro. Igualmente en lo relativo al uso de altas (t\u00edtulos en may\u00fasculas) y bajas (subt\u00edtulos en min\u00fasculas).\u00a0<\/span><\/li><li><span data-contrast=\"auto\">Las notas que van a ir a pie de p\u00e1gina se deben colocar al final de cada cap\u00edtulo, siguiendo el orden correlativo (1, 2, 3, etc.) que da el generador de notas finales del procesador de textos. El dise\u00f1ador gr\u00e1fico, al diagramar el libro, las pondr\u00e1 a pie, en la p\u00e1gina correspondiente.<\/span><\/li><li><span data-contrast=\"auto\">Las notas se realizar\u00e1n siguiendo el siguiente esquema:<\/span><\/li><\/ul><p><strong><span class=\"TextRun SCXW36710121 BCX4\" lang=\"ES-ES\" xml:lang=\"ES-ES\" data-contrast=\"auto\"><span class=\"NormalTextRun SCXW36710121 BCX4\">Apellidos del o los autores (en bajas), nombre (s), t\u00edtulo del libro en negritas, editorial, lugar de impresi\u00f3n y a\u00f1o de publicaci\u00f3n, en ese orden. Si se trata de una publicaci\u00f3n peri\u00f3dica, el nombre del art\u00edculo deber\u00e1 ir entre comillas, el nombre de la revista o peri\u00f3dico deber\u00e1 ir en cursivas y se a\u00f1adir\u00e1 el volumen, n\u00famero y p\u00e1ginas.\u00a0<\/span><\/span><span class=\"EOP SCXW36710121 BCX4\" data-ccp-props=\"{&quot;201341983&quot;:0,&quot;335551550&quot;:6,&quot;335551620&quot;:6,&quot;335559685&quot;:993,&quot;335559739&quot;:200,&quot;335559740&quot;:276}\">\u00a0<\/span><\/strong><\/p><ul><li><span data-contrast=\"auto\">La bibliograf\u00eda se har\u00e1 en orden alfab\u00e9tico, con el mismo criterio anterior.\u00a0<\/span><\/li><li><span data-contrast=\"auto\">Se debe incluir un \u00edndice (<\/span><span data-contrast=\"auto\">sin<\/span><span data-contrast=\"auto\"> referencia al n\u00famero de las p\u00e1ginas), que contenga los mismos t\u00edtulos que el interior del libro (deben ser exactamente iguales y no parecidos).\u00a0<\/span><\/li><li><span data-contrast=\"auto\">Los textos no deber\u00e1n entregarse tabulados o diagramados previamente.\u00a0<\/span><\/li><li><span data-contrast=\"auto\">El autor debe acompa\u00f1ar los siguientes datos personales: nombre completo, RUT, direcci\u00f3n particular, t\u00edtulo profesional, correo electr\u00f3nico y tel\u00e9fono.<\/span><span data-ccp-props=\"{&quot;201341983&quot;:0,&quot;335551550&quot;:6,&quot;335551620&quot;:6,&quot;335559739&quot;:200,&quot;335559740&quot;:276}\">\u00a0<\/span><\/li><\/ul><p><strong><span class=\"TextRun SCXW62059544 BCX4\" lang=\"ES-ES\" xml:lang=\"ES-ES\" data-contrast=\"auto\"><span class=\"NormalTextRun SCXW62059544 BCX4\">M\u00e1s informaci\u00f3n en el mail: <\/span><\/span><a class=\"Hyperlink SCXW62059544 BCX4\" href=\"mailto:editorial@utalca.cl\" target=\"_blank\" rel=\"noreferrer noopener\"><span class=\"TextRun Underlined SCXW62059544 BCX4\" lang=\"ES-ES\" xml:lang=\"ES-ES\" data-contrast=\"auto\"><span class=\"NormalTextRun SCXW62059544 BCX4\" data-ccp-charstyle=\"Hyperlink\">editorial@utalca.cl<\/span><\/span><\/a><span class=\"EOP SCXW62059544 BCX4\" data-ccp-props=\"{&quot;201341983&quot;:0,&quot;335551550&quot;:6,&quot;335551620&quot;:6,&quot;335559739&quot;:200,&quot;335559740&quot;:276}\">\u00a0<\/span><\/strong><\/p>\t\t\t\t\t\t<\/div>\n\t\t\t\t<\/div>\n\t\t\t\t\t<\/div>\n\t\t<\/div>\n\t\t\t\t\t\t\t<\/div>\n\t\t<\/section>\n\t\t\t\t\t<\/div>\n\t\t<\/div>\n\t\t\t\t\t\t\t<\/div>\n\t\t<\/section>\n\t\t\t\t<section class=\"elementor-section elementor-top-section elementor-element elementor-element-ae6f9aa elementor-section-boxed elementor-section-height-default elementor-section-height-default\" data-id=\"ae6f9aa\" data-element_type=\"section\">\n\t\t\t\t\t\t<div class=\"elementor-container elementor-column-gap-default\">\n\t\t\t\t\t<div class=\"elementor-column elementor-col-100 elementor-top-column elementor-element elementor-element-f771dc8\" data-id=\"f771dc8\" data-element_type=\"column\">\n\t\t\t<div class=\"elementor-widget-wrap elementor-element-populated\">\n\t\t\t\t\t\t\t\t<div class=\"elementor-element elementor-element-6e24417 elementor-widget elementor-widget-spacer\" data-id=\"6e24417\" data-element_type=\"widget\" data-widget_type=\"spacer.default\">\n\t\t\t\t<div class=\"elementor-widget-container\">\n\t\t\t\t\t<div class=\"elementor-spacer\">\n\t\t\t<div class=\"elementor-spacer-inner\"><\/div>\n\t\t<\/div>\n\t\t\t\t<\/div>\n\t\t\t\t<\/div>\n\t\t\t\t\t<\/div>\n\t\t<\/div>\n\t\t\t\t\t\t\t<\/div>\n\t\t<\/section>\n\t\t\t\t<section class=\"elementor-section elementor-top-section elementor-element elementor-element-47cc02bd elementor-section-full_width elementor-section-stretched elementor-section-height-default elementor-section-height-default\" data-id=\"47cc02bd\" data-element_type=\"section\" data-settings=\"{&quot;background_background&quot;:&quot;classic&quot;,&quot;stretch_section&quot;:&quot;section-stretched&quot;}\">\n\t\t\t\t\t\t<div class=\"elementor-container elementor-column-gap-default\">\n\t\t\t\t\t<div class=\"elementor-column elementor-col-100 elementor-top-column elementor-element elementor-element-1fc5529f\" data-id=\"1fc5529f\" data-element_type=\"column\" data-settings=\"{&quot;background_background&quot;:&quot;classic&quot;}\">\n\t\t\t<div class=\"elementor-widget-wrap elementor-element-populated\">\n\t\t\t\t\t\t\t\t<div class=\"elementor-element elementor-element-1458631d elementor-widget elementor-widget-heading\" data-id=\"1458631d\" data-element_type=\"widget\" data-widget_type=\"heading.default\">\n\t\t\t\t<div class=\"elementor-widget-container\">\n\t\t\t<h2 class=\"elementor-heading-title elementor-size-default\">Suscr\u00edbete a nuestro Newsletter<\/h2>\t\t<\/div>\n\t\t\t\t<\/div>\n\t\t\t\t<section class=\"elementor-section elementor-inner-section elementor-element elementor-element-394a254e elementor-section-boxed elementor-section-height-default elementor-section-height-default\" data-id=\"394a254e\" data-element_type=\"section\">\n\t\t\t\t\t\t<div class=\"elementor-container elementor-column-gap-default\">\n\t\t\t\t\t<div class=\"elementor-column elementor-col-33 elementor-inner-column elementor-element elementor-element-5deb9398\" data-id=\"5deb9398\" data-element_type=\"column\">\n\t\t\t<div class=\"elementor-widget-wrap\">\n\t\t\t\t\t\t\t\t\t<\/div>\n\t\t<\/div>\n\t\t\t\t<div class=\"elementor-column elementor-col-33 elementor-inner-column elementor-element elementor-element-227395d4\" data-id=\"227395d4\" data-element_type=\"column\">\n\t\t\t<div class=\"elementor-widget-wrap elementor-element-populated\">\n\t\t\t\t\t\t\t\t<div class=\"elementor-element elementor-element-66fa04c9 elementor-widget elementor-widget-text-editor\" data-id=\"66fa04c9\" data-element_type=\"widget\" data-widget_type=\"text-editor.default\">\n\t\t\t\t<div class=\"elementor-widget-container\">\n\t\t\t\t\t\t\t<p>Y ent\u00e9rate de todos nuestras novedades, lanzamientos, nuevos autores y promociones.<\/p>\t\t\t\t\t\t<\/div>\n\t\t\t\t<\/div>\n\t\t\t\t<div class=\"elementor-element elementor-element-70047dc1 elementor-widget elementor-widget-wp-widget-newsletterwidgetminimal\" data-id=\"70047dc1\" data-element_type=\"widget\" data-widget_type=\"wp-widget-newsletterwidgetminimal.default\">\n\t\t\t\t<div class=\"elementor-widget-container\">\n\t\t\t<div class=\"tnp tnp-widget-minimal\"><form class=\"tnp-form\" action=\"https:\/\/editorial.utalca.cl\/?na=s\" method=\"post\"><input type=\"hidden\" name=\"nr\" value=\"widget-minimal\"\/><input class=\"tnp-email\" type=\"email\" required name=\"ne\" value=\"\" placeholder=\"Email\"><input class=\"tnp-submit\" type=\"submit\" value=\"SUSCRIBIRSE\"><\/form><\/div>\t\t<\/div>\n\t\t\t\t<\/div>\n\t\t\t\t\t<\/div>\n\t\t<\/div>\n\t\t\t\t<div class=\"elementor-column elementor-col-33 elementor-inner-column elementor-element elementor-element-55421fd4\" data-id=\"55421fd4\" data-element_type=\"column\">\n\t\t\t<div class=\"elementor-widget-wrap\">\n\t\t\t\t\t\t\t\t\t<\/div>\n\t\t<\/div>\n\t\t\t\t\t\t\t<\/div>\n\t\t<\/section>\n\t\t\t\t\t<\/div>\n\t\t<\/div>\n\t\t\t\t\t\t\t<\/div>\n\t\t<\/section>\n\t\t\t\t\t\t<\/div>\n\t\t\t\t\t<\/div>\n\t\t","protected":false},"excerpt":{"rendered":"<p>Normas para Presentaci\u00f3n Los textos se deben entregar totalmente terminados (sin cap\u00edtulos o partes pendientes) en CD o pendrive, en programa WORD, adjuntando copia impresa. Si el autor utiliza otro programa, debe indicar el nombre y la versi\u00f3n. En caso de ser necesario, debe proporcionar el programa original para la edici\u00f3n del libro. Si el &hellip;<\/p>\n<p class=\"read-more\"> <a class=\"\" href=\"https:\/\/editorial.utalca.cl\/?page_id=597\"> <span class=\"screen-reader-text\">Publica con Nosotros<\/span> Leer M\u00e1s &raquo;<\/a><\/p>\n","protected":false},"author":1,"featured_media":0,"parent":0,"menu_order":0,"comment_status":"closed","ping_status":"closed","template":"elementor_header_footer","meta":{"_mi_skip_tracking":false,"site-sidebar-layout":"","site-content-layout":"","ast-main-header-display":"","ast-hfb-above-header-display":"","ast-hfb-below-header-display":"","ast-hfb-mobile-header-display":"","site-post-title":"","ast-breadcrumbs-content":"","ast-featured-img":"","footer-sml-layout":"","theme-transparent-header-meta":"","adv-header-id-meta":"","stick-header-meta":"","header-above-stick-meta":"","header-main-stick-meta":"","header-below-stick-meta":"","footnotes":""},"class_list":["post-597","page","type-page","status-publish","hentry"],"_links":{"self":[{"href":"https:\/\/editorial.utalca.cl\/index.php?rest_route=\/wp\/v2\/pages\/597","targetHints":{"allow":["GET"]}}],"collection":[{"href":"https:\/\/editorial.utalca.cl\/index.php?rest_route=\/wp\/v2\/pages"}],"about":[{"href":"https:\/\/editorial.utalca.cl\/index.php?rest_route=\/wp\/v2\/types\/page"}],"author":[{"embeddable":true,"href":"https:\/\/editorial.utalca.cl\/index.php?rest_route=\/wp\/v2\/users\/1"}],"replies":[{"embeddable":true,"href":"https:\/\/editorial.utalca.cl\/index.php?rest_route=%2Fwp%2Fv2%2Fcomments&post=597"}],"version-history":[{"count":17,"href":"https:\/\/editorial.utalca.cl\/index.php?rest_route=\/wp\/v2\/pages\/597\/revisions"}],"predecessor-version":[{"id":944,"href":"https:\/\/editorial.utalca.cl\/index.php?rest_route=\/wp\/v2\/pages\/597\/revisions\/944"}],"wp:attachment":[{"href":"https:\/\/editorial.utalca.cl\/index.php?rest_route=%2Fwp%2Fv2%2Fmedia&parent=597"}],"curies":[{"name":"wp","href":"https:\/\/api.w.org\/{rel}","templated":true}]}}